 15.
e4
a210 (base 12) to base 4
10102230
What is -22430 (base 12) in base 10?
-45540
What is 110011001 (base 2) in base 9?
504
Convert -41 (base 13) to base 15.
-38
-4611 (base 16) to base 9
-26540
Convert 1122 (base 7) to base 6.
1520
What is 100111212 (base 4) in base 12?
32886
What is 2002 (base 15) in base 2?
1101001100000
What is -31441 (base 5) in base 12?
-1289
9750 (base 14) to base 8
63032
30115 (base 7) to base 2
1110001100000
-3023 (base 5) to base 10
-388
What is 222102010 (base 3) in base 10?
19254
What is 1d96d (base 14) in base 10?
75949
Convert -233230 (base 4) to base 14.
-1180
What is -665 (base 13) in base 15?
-4d2
What is 10000 (base 5) in base 2?
1001110001
What is 123301 (base 5) in base 14?
1a8a
1663 (base 8) to base 12
66b
What is 53b7 (base 12) in base 4?
2033323
What is 94b (base 13) in base 4?
120300
-1b9b (base 13) to base 3
-12201222
476 (base 8) to base 6
1250
What is 24 (base 8) in base 16?
14
Convert 5904 (base 12) to base 14.
38a0
10111010 (base 2) to base 6
510
-3424 (base 9) to base 2
-100111100101
Convert -abce (base 15) to base 13.
-13766
Convert -540 (base 6) to base 8.
-314
Convert 21222 (base 4) to base 2.
1001101010
Convert -1112 (base 3) to base 12.
-35
-213112 (base 4) to base 9
-3407
Convert 403 (base 10) to base 15.
1bd
Convert -8800 (base 11) to base 5.
-332431
What is 1023 (base 15) in base 11?
2619
What is 1211113 (base 4) in base 7?
24625
16266 (base 7) to base 9
6276
Convert 53261 (base 7) to base 11.
9998
1101100011 (base 2) to base 10
867
24014 (base 5) to base 13
a54
-394 (base 10) to base 4
-12022
Convert 10101110000011 (base 2) to base 8.
25603
What is -2101043 (base 5) in base 12?
-17b8b
689 (base 10) to base 8
1261
What is 5908 (base 15) in base 6?
223312
-110001000 (base 2) to base 4
-12020
58700 (base 11) to base 16
14adc
What is 1d2c (base 15) in base 16?
18c6
What is 3424111 (base 5) in base 11?
41a47
What is -2027 (base 12) in base 16?
-d9f
785 (base 10) to base 11
654
479 (base 15) to base 4
33312
Convert -1175 (base 8) to base 5.
-10022
Convert 471c (base 13) to base 10.
9996
Convert -8aa (base 11) to base 8.
-2100
What is -5000 (base 12) in base 2?
-10000111000000
What is -331 (base 4) in base 10?
-61
-21351 (base 6) to base 14
-1107
Convert -100010011001011 (base 2) to base 16.
-44cb
Convert 1101111001011 (base 2) to base 4.
1233023
What is -15024 (base 8) in base 7?
-25315
Convert 120120 (base 3) to base 15.
1d0
45 (base 16) to base 6
153
-2112121 (base 3) to base 14
-964
Convert 10200222 (base 3) to base 2.
101010001011
-340 (base 11) to base 6
-1515
Convert 28534 (base 12) to base 5.
3243211
Convert 65350 (base 8) to base 11.
19620
Convert 67461 (base 8) to base 12.
14581
Convert 7025 (base 10) to base 3.
100122012
Convert 336a (base 13) to base 16.
1c12
Convert 6a5c (base 14) to base 4.
10201022
111221 (base 4) to base 8
2551
Convert 15a (base 15) to base 14.
182
What is 1110000111011 (base 2) in base 13?
339c
-3523 (base 11) to base 9
-6306
Convert 118b2 (base 12) to base 10.
23750
What is -71 (base 8) in base 16?
-39
What is 156 (base 9) in base 5?
1012
-23534 (base 6) to base 8
-6562
Convert -140132 (base 5) to base 7.
-22344
Convert 1ba (base 12) to base 5.
2121
2382 (base 15) to base 2
1110101111011
Convert -1629 (base 13) to base 8.
-6256
What is -11411 (base 7) in base 16?
-b84
2246 (base 14) to base 9
8132
What is b99a (base 13) in base 2?
110010011010111
245 (base 11) to base 4
10203
-b8a (base 14) to base 6
-14314
What is 113244 (base 5) in base 12?
251b
-334 (base 5) to base 15
-64
11013201 (base 4) to base 12
10169
What is 3531 (base 9) in base 5?
40440
What is 123040 (base 5) in base 4?
1022202
Convert -2d29 (base 14) to base 10.
-8073
What is -2320 (base 4) in base 12?
-134
What is -403 (base 8) in base 2?
-100000011
What is 4041 (base 12) in base 16?
1b31
-546 (base 10) to base 3
-202020
aa6 (base 11) to base 9
1733
Convert -13165 (base 8) to base 11.
-4357
Convert -2a3b7 (base 12) to base 14.
-17895
Convert 122 (base 16) to base 2.
100100010
5525 (base 6) to base 11
a61
-12367 (base 15) to base 5
-3330042
What is -1c5 (base 16) in base 5?
-3303
-1132123 (base 5) to base 3
-1001200120
What is -14603 (base 8) in base 14?
-2547
-24211 (base 5) to base 3
-2110220
-18c8 (base 15) to base 6
-40455
What is 85 (base 12) in base 4?
1211
What is -1102211 (base 3) in base 8?
-2030
138 (base 16) to base 5
2222
Convert -805 (base 9) to base 4.
-22031
-3bbb (base 15) to base 5
-402101
What is 2489 (base 11) in base 15?
e63
-1241 (base 7) to base 3
-122102
Convert 2587 (base 9) to base 4.
132112
Convert -e493 (base 15) to base 4.
-23302200
1a4 (base 13) to base 12
213
-65255 (base 8) to base 4
-12222231
What is 375 (base 13) in base 10?
603
Convert -6573 (base 14) to base 16.
-4489
-154 (base 14) to base 3
-101000
Convert -112 (base 13) to base 4.
-2320
Convert -3552 (base 8) to base 14.
-998
Convert 24611 (base 11) to base 6.
431344
Convert 4003 (base 13) to base 4.
2021113
What is 29069 (base 12) in base 9?
86300
What is 210202220 (base 3) in base 4?
3320001
Convert e6b (base 16) to base 12.
2177
Convert -100404 (base 6) to base 8.
-17364
-1921 (base 13) to base 10
-3745
25413 (base 6) to base 10
3825
-6441 (base 8) to base 16
-d21
Convert -5ebf (base 16) to base 9.
-36240
209 (base 14) to base 11
335
What is -2b89 (base 13) in base 6?
-45250
What is 136613 (base 8) in base 14?
1397d
3 (base 4) to base 13
3
What is 1111101 (base 2) in base 8?
175
Convert e0 (base 15) to base 6.
550
-36455 (base 8) to base 15
-4991
1b6 (base 14) to base 11
2a4
Convert 275 (base 8) to base 6.
513
Convert 20 (base 15) to base 16.
1e
What is -120002122 (base 3) in base 13?
-5018
-188c (base 16) to base 4
-1202030
Convert -133231 (base 6) to base 13.
-5851
Convert bfc (base 16) to base 4.
233330
10011101 (base 2) to base 16
9d
What is 2149c (base 13) in base 5?
3410444
Convert 477 (base 8) to base 5.
2234
11230 (base 7) to base 3
10221001
Convert -3b5 (base 12) to base 7.
-1442
Convert 427 (base 10) to base 12.
2b7
1102201 (base 3) to base 9
1381
-124434 (base 7) to base 2
-101101010100010
876 (base 12) to base 13
747
Convert -14318 (base 13) to base 10.
-37877
What is -1888 (base 12) in base 7?
-11462
Convert 527 (base 14) to base 8.
1767
What is 11678 (base 12) in base 9?
35112
365 (base 16) to base 3
1012012
What is -e2a2 (base 15) in base 11?
-32a52
What is -1000100100100111 (base 2) in base 16?
-8927
10232 (base 5) to base 15
312
Convert -3496 (base 10) to base 12.
-2034
1b81 (base 13) to base 2
1000001000001
-2431 (base 6) to base 3
-211001
What is -1122122 (base 3) in base 11?
-9a6
Convert 75163 (base 9) to base 6.
1022050
Convert 8479 (base 10) to base 14.
3139
What is -4750 (base 10) in base 12?
-28ba
Convert -11521 (base 7) to base 15.
-d54
206 (base 9) to base 2
10101000
What is 13410 (base 5) in base 11?
915
Convert 144025 (base 6) to base 9.
20878
What is 2532 (base 8) in base 6?
10202
Convert 13313233 (base 4) to base 11.
22249
112012020 (base 3) to base 15
30ec
Convert -111142 (base 5) to base 12.
-232a
Convert 2ad (base 14) to base 15.
265
Convert -1155 (base 12) to base 4.
-132101
What is -a48a (base 15) in base 2?
-1000011111011100
What is 352 (base 7) in base 13?
112
What is 11100110110 (base 2) in base 10?
1846
What is -6a3 (base 14) in base 8?
-2447
Convert 11101101 (base 2) to base 9.
283
9b1 (base 16) to base 3
10101220
237 (base 12) to base 2
101001011
Convert -1331000 (base 4) to base 3.
-101222022
Convert 2434 (base 5) to base 3.
111200
What is -11000000000 (base 2) in base 14?
-7ba
-1871 (base 10) to base 9
-2508
Convert -375 (base 13) to base 16.
-25b
Convert -28 (base 12) to base 15.
-22
Convert 13324 (base 9) to base 12.
5271
What is 21351 (base 11) in base 15?
92dc
Convert 17357 (base 10) to base 9.
25725
271 (base 8) to base 12
135
-110202 (base 5) to base 16
-eda
What is 513 (base 7) in base 10?
255
a33 (base 13) to base 10
1732
1333 (base 7) to base 3
201001
Convert -121232 (base 5) to base 12.
-2787
What is -13c5 (base 13) in base 4?
-230301
-421a (base 13) to base 8
-21675
What is 1021111010 (base 3) in base 15?
76b0
Convert -b68 (base 13) to base 6.
-13001
Convert -ab1b (base 13) to base 12.
-11979
Convert 33200 (base 4) to base 9.
1322
-13a (base 15)